a - 30, 0 = -2*u - 0*u + 2*a. Suppose -3*x + u*o + 52 = v, 59 - 171 = -5*x + 2*o. What is the tens digit of x?
2
Suppose -4*p + u - 1867 = -8*p, -5*p - 2*u = -2336. Let s = p - 289. What is the hundreds digit of s?
1
Suppose 67*o + 6098 = 69*o. What is the units digit of o?
9
Let z be (-407 - -17)/((0 + 2)/(-2)). Let f = 546 - z. What is the hundreds digit of f?
1
Suppose 2*r + f = 7*r - 4625, -3*r + 3*f + 2763 = 0. What is the units digit of r?
6
Let h be 6/15 + 204/15. Suppose -4*w = -6 - h. Suppose w*r - 3 = 2*r. What is the units digit of r?
1
Let l be (-9548)/(-56) - (-2)/(-4). Let y = l - 99. What is the tens digit of y?
7
Let p = -1836 + 2434. What is the hundreds digit of p?
5
Suppose -4*o + 19 = -221. Let z = 31 + -29. Suppose -c + 66 = -z*m, c = 2*c + m - o. What is the units digit of c?
2
Suppose -2*y + 1654 = 152. What is the units digit of y?
1
Let h(z) = 16*z**3 + z - 2. Let d be h(1). Suppose 0 = 5*g - d, 9*k + 5*g = 5*k + 467. What is the hundreds digit of k?
1
Suppose 5*b - 5*h = 2795 + 245, 0 = 4*b - 5*h - 2432. Let v = b - 320. What is the hundreds digit of v?
2
Let b(z) = 0 + 4 + 5*z + 0*z**2 + 3*z + z**2. Let n be b(-7). What is the tens digit of 92/(-24)*n*2?
2
Suppose -4*y + 67 = c - y, -373 = -5*c + 4*y. Suppose 82 = 4*d + 2*l, -69 = -3*d + l + 5. Let a = c - d. What is the units digit of a?
0
Suppose -6*s + 5*s = 112. What is the units digit of 48/s - (-1476)/14?
5
Suppose -6*z = g - 5*z - 633, -5*g + 3160 = 4*z. What is the tens digit of g?
2
Let i(p) = p**2 + 3*p + 6. Let l be (-41)/(-2) + (-54)/36. Let x = l - 25. What is the units digit of i(x)?
4
Let v(t) = -15*t**3 + 14*t**3 - 2*t**2 + 2 + 2*t + 2. Suppose -3*l + 4*f - 9 = 0, 2*l - 3*f + 9 = -l. What is the units digit of v(l)?
7
Let k(v) = 5*v**2 + 11*v + 193. What is the hundreds digit of k(16)?
6
What is the tens digit of (-1698)/(-12)*(8/(-4) + 6)?
6
Suppose -56 = 4*w + s, 4*w = 5*w + 2*s + 21. Let x(u) = -14*u - 45 - 39 + 72 + 12*u**2 + u**3. What is the units digit of x(w)?
1
Let f be (-51)/(-18) + ((-21)/(-18))/7. Suppose t - 6 = a + 52, f = -a. What is the units digit of t?
5
Let s be ((-9)/15*-5)/((-3)/2). Suppose -3*d = 2*y - 0 - 12, -4*d + 2*y + 16 = 0. What is the units digit of (69/(-6))/(s/d)?
3
Let d(t) = t + 7. Let x be d(8). Suppose -3*o = -0*o - x. Suppose -5*l = -o*a, 5*a + 3*l = 7 + 17. What is the units digit of a?
3
Let b be ((-39)/(-3) - 2) + 3. Suppose b*q - 10*q - 12 = 0. Suppose q*w - 2*w - 49 = 0. What is the units digit of w?
9
Let s = 9 + -9. Suppose -4*t + 12 + 8 = s. Suppose 0 = -t*i + 3*i + 22. What is the units digit of i?
1
Let f(b) be the third derivative of b**5/15 + b**4/12 + b**3/6 + 2*b**2. Let z be f(-1). What is the units digit of -6 + 3 + z - -28?
8
Let f be (-5)/10 - (-533)/(-2). Let i = -188 - f. Suppose -3*a + 15 = 0, 2*r + 5*a - i = -0*a. What is the tens digit of r?
2
Let f(j) = -83*j + 101. What is the tens digit of f(-25)?
7
Suppose -7*g - 473 = -1474. What is the tens digit of g?
4
Suppose -2*h = -3*d + 87, -h = -0*d + 5*d + 50. Let x be 18/h - 46/10. What is the units digit of (28/(-5))/4*x?
7
Suppose -10*z + 692 = -8*z. Let l = -208 + z. What is the hundreds digit of l?
1
Let k = -50 + 250. What is the hundreds digit of k?
2
Suppose 248 = 17*c - 16*c. What is the hundreds digit of c*(-1 - (-15)/10)?
1
Let c = 9844 - 6870. What is the thousands digit of c?
2
Let l be (-32)/48*1/(-2)*3. Let p(v) be the third derivative of 19*v**5/60 + v**4/24 - v**3/6 - v**2. What is the units digit of p(l)?
9
Let c(r) = -39*r + 10. Let o(p) = -26*p + 7. Let m(t) = -5*c(t) + 8*o(t). Let a(g) = 64*g - 31. Let k(s) = -2*a(s) - 11*m(s). What is the tens digit of k(4)?
5
Let x = 690 - 453. What is the hundreds digit of x?
2
Let q(w) = -7*w**2 + 8. Let j(n) = n**2. Let h(k) = -2*j(k) - q(k). What is the units digit of h(3)?
7
Let j(u) = u + 1. Let d be j(-1). Suppose 57 = p + w, d*w - 295 = -5*p + 5*w. What is the units digit of p?
8
Suppose 4*t + 3*w = w + 14682, 7356 = 2*t + 4*w. What is the hundreds digit of t?
6
Let l = -101 + 554. What is the units digit of l?
3
Suppose 773 + 127 = d. What is the units digit of d?
0
Let o(w) = 14*w**2 + w. Suppose -3*v = -3*b + 2*v - 1, -2*b + 2*v = 2. Let n be (1 - 1) + 4/b. What is the units digit of o(n)?
4
Let u(i) = 13*i - 66. Let f be u(16). Let x = -52 + f. What is the tens digit of x?
9
Let q(g) = -5*g**3 + 7*g**2 - 12*g + 2. Let y(j) = 9*j**3 - 13*j**2 + 23*j - 3. Let p(c) = -11*q(c) - 6*y(c). What is the units digit of p(5)?
6
Suppose 2*n - 8 = -3*m - 1, -12 = -2*n - 2*m. Suppose -13*u + 68 = -n*u. Let r = u + -6. What is the units digit of r?
8
Let a be 2/(-1) + -1 - -87. Suppose 0 = -b + 29 + a. What is the tens digit of b?
1
Let o(n) = 6*n**2 + 13*n + 11. What is the tens digit of o(9)?
1
Let a(g) = g**2 + 5*g + 16. Let v = -9 - -17. What is the tens digit of a(v)?
2
Suppose 455*q - 448*q = 4284. What is the units digit of q?
2
Let d(i) = -i**2 + 5*i - 2. Let o be d(4). Suppose -a = -l, 6*l - 11*l - 20 = 0. What is the units digit of (5 - o) + a + 57?
6
Let v(n) = n - 4*n**2 + 7*n**2 - n**3 + n**3 + 1 + n**3. Let c be v(-4). Let h = c - -30. What is the units digit of h?
1
Let x(o) = -246*o - 318. What is the tens digit of x(-12)?
3
Suppose d - 1 = -3, 0 = 2*n + d + 64. Suppose 4*k + 5*h + 281 = k, -2*h = 4*k + 370. Let b = n - k. What is the tens digit of b?
6
Let t be 6/2 - (-5 - -4). What is the tens digit of (t/10)/(11/2145)?
7
Suppose -5*n - 19 = 61. Let w = 33 + n. What is the tens digit of w?
1
Let n be (0 + 4/(-8))*0. Suppose 10 = 5*f - n. What is the units digit of 15 + f/(1 + 0)?
7
Let h be (10/4)/((-50)/(-80)). Suppose -220 = -j + 3*i + 22, 0 = h*j - 5*i - 961. What is the tens digit of j?
3
Let i = 137 + -72. Let k be (-4)/(-1)*i/4. Let z = 99 - k. What is the units digit of z?
4
Suppose 0 = 7*m + 57*m - 132416. What is the thousands digit of m?
2
Let o = 26 - 23. Suppose 2*z - 55 = -o*z. What is the tens digit of z?
1
Let b be (1*-21)/((-15)/35). Suppose m - 121 = -b. What is the tens digit of m?
7
Suppose -s - 4 = s + 5*n, 2*s + 24 = 5*n. Let c be s - -4 - (1 - -12). Let p = c - -40. What is the units digit of p?
4
Let s(u) be the first derivative of 153*u**2/2 + 10*u + 12. What is the hundreds digit of s(2)?
3
Let p(f) = f**2 - 4*f - 7. Let s be p(6). Suppose 3*u = -s*n + 217, -3*n + 2*n = -5. What is the tens digit of u?
6
Suppose 5*v - l + 341 = 0, -4*l + 165 - 25 = -2*v. Let r = 147 + v. What is the tens digit of r?
7
Suppose -51 = -14*m + 19. Suppose -w - 4*w = 2*q - 24, -4*q - 12 = -5*w. Suppose 0 = t - w*b, -5*b - 26 = -m*t + 4. What is the units digit of t?
8
Let g(o) = 65*o**2 + 62*o + 9. What is the tens digit of g(7)?
2
Suppose -4*a - 48 = 4*g, -g + 48 = -5*g - 5*a. Let m(k) = -k**3 - 4*k**2 - 2*k - 4. Let f be m(-3). Let p = f - g. What is the units digit of p?
5
Suppose 0 = -4*c - 2*a + 9624, -4*a + 0*a + 4806 = 2*c. What is the hundreds digit of c?
4
Suppose 0 = 5*g - 35 - 90. Let k = -32 + g. Let y(l) = l**3 + 10*l**2 + 10*l + 2. What is the units digit of y(k)?
9
Let s be (-8)/20 - 4/(-10). What is the hundreds digit of 117 + (-4)/(-16)*s?
1
Suppose -46 = -5*w + 14. What is the tens digit of 4/w*6 - -19?
2
Let o(k) = 5*k**3 - 13*k**2 + 15*k - 4*k**3 - 4 - 3. Suppose 22*a - 137 = 127. What is the units digit of o(a)?
9
Let b = 2764 + -367. What is the thousands digit of b?
2
Suppose 4*w + 944 = -4*s, 0 = -2*w - 2*s + 4*s - 492. Let n = -147 - w. What is the units digit of n?
4
What is the hundreds digit of 3/(-1 - (-3130)/3115)?
6
Let w = 442 - 285. Suppose -3*y - 2*k = 16 - w, -3*y - 4*k = -135. What is the tens digit of y?
4
Let n be 1/(58/(-30) - -1 - -1). Let f(x) = x - 6. Let i be f(9). Suppose 0 = i*q - 60 - n. What is the units digit of q?
5
Let t(n) be the first derivative of n**5/30 - n**4/24 - n**3/3 + 3*n**2/2 + 5. Let p(h) be the second derivative of t(h). What is the units digit of p(2)?
4
Let w(l) = -l**3 + 17*l**2 - 10*l + 23. What is the tens digit of w(16)?
1
Suppose z + 10 = 4*k, -2 + 16 = z + 4*k. Suppose z*i = -i + 129. What is the units digit of i + -2 + 4 + -1?
4
Suppose -a + 5*s + 1974 = 0, 4843 = 5*a + 3*s - 5167. What is the tens digit of a?
9
Suppose 6*x - 2*x - 16 = 0. Suppose -696 - 220 = -x*j. What is the hundreds digit of